1)?
43
What is (15 - 12) + 11 + 4 - 28?
-10
What is -164 + (4 - (34 + -96)) + 14 + 0?
-84
What is the value of (-6 - -2) + (9 + (-13 - -6) + -8 - -13)?
3
What is 10 + -23 + -7 + 78 - 3?
55
What is (-114 - -131) + 17 + -35?
-1
Evaluate 5 + (20 - (-2 - -70)) - -22.
-21
What is the value of -47 - (-1 + (-11 - -8)) - (18 + 14 + -26)?
-49
Calculate (10 - (-17 - (-7 + 5)) - 1) + 7.
31
Evaluate (-29 - -3) + 36 + -13 + -28.
-31
1819 + -1790 + 1 + -48
-18
-125 + 40 + (41 - 2)
-46
Evaluate -43 - (-56 + (94 - 112)).
31
(-1 - (3 + -4)) + -3 + -21
-24
Calculate -3248 + 3252 + (3 - 2).
5
Calculate (1 - 2) + 14 + -1 - (-4 - -33 - 45).
28
Calculate (-2496 - -2444) + 2 + 2 + -1.
-49
Calculate (-23 + 11 - (-1 - 14)) + -18.
-15
What is -7 - 2 - (12 - (11 - -6 - (-87 - -168)))?
-85
388 - 372 - (-21 + 2)
35
What is the value of -45 + 6 + (39 - -38)?
38
What is 134 + (-2 + -45 + 31 - (-23 + 0))?
141
Calculate -46 - ((-127 - -32) + 139).
-90
What is -16 + -1 + 505 + -561 + (-28 - 0)?
-101
Calculate (-73 - 104) + (64 - -64).
-49
Evaluate -56 - (-38 - -144 - 102).
-60
Evaluate 1 + (-2 + (11 - -2) - -42) + -8.
46
(216 - 169) + (1 - 5 - 16)
27
Calculate 8 + -3 + (-75 - (13 + -3 + 15 + -17)).
-78
What is the value of (-9 - 7) + 17 + (4 - 5) + 58 + 3?
61
Evaluate -34 - (-84 + -74 + 112).
12
What is 22 - 20 - (17 + -16) - -8?
9
Evaluate -3 + (-4 - (-32 + 44)) + 6.
-13
Evaluate -47 - (41 - 139) - (-16 + 2) - (6 + 2).
57
What is (-72 + 16 - -18 - -14) + -18?
-42
Calculate -1 + 2 + 93 + (62 - (-8 - -84)).
80
(20 - -3) + -13 + 21
31
What is -5 + -1 + 75 + 5 - (2 - -44 - 54)?
82
Evaluate (12 - 74 - 4) + -17 + 1 + 2 + 0.
-80
Evaluate -50 + 1 + (-773 - -816).
-6
What is 49 + (23 - 10) + -84?
-22
Evaluate 5 - (-42 + 22) - -22.
47
What is 27 + (21 - 65) + 53?
36
6 + -1 + 33 + (13 - 20 - 3) + 3
31
Calculate 45 + -78 + (-1 + -2 + -3 - (-8 - -5)).
-36
Calculate -85 + ((-10 - 0) + -1 - (-163 - -141)).
-74
Evaluate -6 - ((-294 - -304) + (-1 - 12)) - (10 + 2).
-15
Evaluate (-14 - (16 + -11) - -7) + -5 + 3.
-14
Calculate (242 + -40 - 90) + -5.
107
1 + -100 + (-128 - -66 - -86 - (2 + 11))
-88
Calculate 0 + -7 - ((486 + -652 - (2 + -34)) + 5).
122
What is (56 - -29) + -16 + 34 + -43?
60
What is the value of (3 - 7) + 4 + (2 - -2) + 0?
4
-2 - (-13 + (18 - 30) + 5)
18
Evaluate 48 + 27 + 44 + -112.
7
(2 + 30 - 20) + (7 + -5 - 9)
5
What is the value of 31 + -4 + -31 + 9 + 0 + -49?
-44
What is the value of -16 - (-1 - 4) - (11 - 1)?
-21
3 - -8 - ((3 - 38) + 37 + -19)
28
What is the value of (-196 - -213) + 2 + -96 + 17?
-60
Evaluate 0 + (-27 + 16 + 0 - (-1 + -2 - -43)).
-51
What is (99 - 103) + -2 + (-1 + 3 - -1) - 6?
-9
What is -9 + (-14 - -8) + 29 + (24 - 18 - -12)?
32
What is the value of (3 - 37) + (-5 - -101) + 26?
88
What is the value of -2 - -3 - ((2332 - 2258) + (-12 - -1))?
-62
Evaluate 113 + -17 + 34 - (-6 - (0 + 0) - 4).
140
Evaluate 0 - 0 - (-4309 + 4275).
34
Evaluate (-63 - -100) + (-2 - (0 + -8)).
43
What is the value of (95 - 105) + (-22 - (-16 - (-9 - -1)))?
-24
Evaluate 7 - ((4 + (76 - -1) - (-119 - -108)) + -12).
-73
Evaluate -5 - -24 - (9 + 4 + -18 + -5).
29
(114 + -65 - 231) + (5 - -35)
-142
Evaluate -54 + 63 - -38 - 54.
-7
Evaluate 1 + (-8 - (6 + 4 - 51)) - (12 + -3).
25
-24 - (-22 + 14) - -41 - 2
23
Evaluate (905 - 818) + -154 + 0.
-67
Evaluate 93 + -209 + (162 - 2).
44
Evaluate (-37 - -30) + (3 - 78).
-82
What is (14 - -49) + (-16 - -51 - 0)?
98
-34 + 29 - 8 - (-4 + -5 + 1)
-5
Evaluate -153 - -134 - (-87 + -6).
74
Calculate 11 + -20 - (-84 + (10 + 2 - 3)).
66
What is the value of -16 + (-15 - -8) - (-35 - -33)?
-21
What is the value of 382 + -444 + 48 + -13?
-27
Calculate -2 + (45 + -75 - -41).
9
What is 12 + 34 + -7 + -75?
-36
What is the value of 49 + (-5 - -2) + 3 + (5 - 7) + 6?
53
What is the value of 45 - (-66 + 107 + 14)?
-10
What is the value of (51 - (-16 + -31 + 24)) + -15?
59
Evaluate 6847 + -6852 + 65 + -8 + -1 + 1 + 1.
53
What is (11 - -2) + 66 + (-14 - 28)?
37
(75 - (57 - 28 - -30)) + (27 - -1)
44
What is the value of -36 + -7 + -32 + 7 + (-10 - -10)?
-68
-3 - (-21 + 7) - (13 - 4)
2
Evaluate -7 + 4 + 99 + 5 + 20 + -50.
71
What is the value of -19 - (35 + -16 + 6 + 3)?
-47
Evaluate 1033 + -1161 - (3 - 103).
-28
64 - (81 - (84 - 92))
-25
Evaluate 1 + (2 - 74) + (-21 - 5).
-97
Calculate -83 - (38 + -89) - (22 + -7).
-47
-14 + 0 - (241 + (272 - 414))
-113
Calculate (-39 - 1) + (281 + -145 - 201).
-105
What is the value of 14 + 7 + -3 + 1 + 6 + 2?
27
What is the value of 11 - (12 + (9 - (5 + 3)) + -6)?
4
Calculate 1 + -27 - ((8 - 4) + -4 + 14).
-40
Evaluate -11 + (8 - -7 - 3 - (-74 - -98)).
-23
Calculate -38 - (-75 - (-46 + -2)).
-11
-114 + 101 - (-42 - 2) - 45
-14
What is -2 + 23 + -93 + 48 + 31?
7
(0 - 1) + 11 + (-32 - -21) + 10 + 20
29
Evaluate 5 + (-6 - 9) + -6 - 8.
-24
-71 - 122 - -27 - (-12 + -1 + -2)
-151
Calculate 119 + -148 + 8 + 2 + (4 - 2).
-17
What is -27 + (20 - -8) + 4 + 14?
19
What is (15 - (-63 - -37)) + -16?
25
Calculate (19 + -16 - 31 - -26) + 2.
0
What is (11 - (6 + 1) - (15 - 9)) + (10 - -1)?
9
What is -364 + 285 + 1 + 57?
-21
What is the value of -17 + 1 + (-64 - (-19 - 48)) + -36?
-49
What is the value of 177 + -136 - (-8 - -56) - 23?
-30
0 - -17 - (-37 - 11) - (-8 - -6 - -13)
54
What is the value of (-6 - 2) + -87 + 13 + 82?
0
0 + -1 - (1 - -4) - (-179 + -41 + 242)
-28
27 + -20 + -1 + -14 + 2 + 58 + -24
28
(9 - (-110 - 2)) + -31 + -38 + 51
103
What is -5 - (42 - -28 - 45)?
-30
What is the value of 116 + -168 - (-29 + -49)?
26
What is -4 + (0 - 11) + (58 - 3)?
40
35 - 36 - (64 - 33)
-32
Calculate -24 + -12 + 30 + 111 + 10 + (7 - 1).
121
Calculate -533 + 510 + (1 - -40).
18
-4 + 0 + 80 + 67 + 4 + -71
76
Calculate 7 + (40 - ((-11 - -5) + (16 - 5) + -5)).
47
Calculate (-2 - -18 - -13) + 24 + -15.
38
(-1 - 0) + -7 - (-17 - 7 - 31)
47
(11 - (13 - (15 - 6))) + (-40 - -10)
-23
Calculate -16 - (13 + 2) - (2 + -4 - (-6 - -9)).
-26
Evaluate 0 + (-4 - (-10 - -7)) - -53.
52
What is the value of 18 + -10 - (-4 - 8)?
20
Calculate -3 - (6 - (16 + -28 + 24)).
3
6 + 4 + 47 + -43
14
Calculate 100 - (40 - -56) - (-38 - (0 - 2)).
40
What is the value of -134 + 10 + -5 - (655 - 692)?
-92
260 + -117 + -181 + (7 - -1 - -1)
-29
Evaluate -90 - -212 - 26 - -20.
116
-39 - (-4 + 3 + -6 + -1 + -1)
-30
What is 29 + -1 - (42 + 4 + -55 + 6)?
31
What is -1614 - -1602 - (0 - -36) - 29?
-77
Evaluate (-1 - -40 - 53) + -14.
-28
Evaluate 73 - -28 - (-24 - (3 - 19)).
109
Calculate (-4 - ((5 - 2) + -9 + 11) - -14) + -50.
-45
What is the value of -15 + (-9 - (9 + (11 + -16 - -2)))?
-30
Calculate -264 + 265 - (28 + 1).
-28
Evaluate 5 + 127 + (-2581 - -2545).
96
What is the value of 2 - (-4 - (-12 - (5 - 16 - 60)))?
65
(2 - 0 - (-2 + 1)) + (487 - (755 - 322))
57
81 + -5 + -82 + -13
-19
What is -52 - (96 + -213 + 172)?
-107
Calculate (-11 + 7 - (0 + -16)) + (154 - 60) + -41.
65
Calculate 5 + (-4 + 11 + -2 + 6 + -3 - 105).
-92
Evaluate -112 + -19 - (-35 + 25 + -7).
-114
What is (3 - 2) + -7 - (-57 + -70 + 63)?
58
Evaluate (33 - 2) + (-10 - ((-29 - -14) + 12)) - 0.
24
3 + 2 + 2 - -84 - (-13 + 19)
85
What is the value of (4 + -19 - -41) + -15 + -49?
-38
What is the value of (-56 - -37) + (56 - 10)?
27
What is -208 + 194 + -2 + 18 - 8?
-6
Calculate (-6 - (7 + -36)) + -9 + (-63 - -51).
2
Evaluate 50 - (-99 - (-88 - 93)).
-32
367 + -509 + (67 - 2)
-77
What is the value of 28 - (-52 + -5 + 123)?
-38
Calculate -20 - (-104 - -53) - (-29 - 1).
61
Evaluate (-3 + 17 + 8 - 20) + -6.
-4
Calculate -65 - ((28 - 7 - 8) + -35).
-43
What is -1 + 7 + 0 - (84 - -206 - 338)?
54
What is the value of -24 + -2 + 43 + -54 + (4 - (-10 + 4))?
-27
What is 13 + -64 - (35 + -12)?
-74
Evaluate 60 + -2 - ((-115 - -104) + (-2 - -1)).
70
What is the value of (14 - 23) + 51 - (-9 - -4)?
47
What is -3 + 2 + 60 + (-60 - 28 - -34 - -49)?
54
What is -65 + -39 + 38 + -3 + -41?
-110
-151 + (25 - 13) + 7 + 35
-97
What is the value of -52 + 20 + (-35 - -49)?
-18
-53 + -14 + 29 + 13 + -1 + -6
-32
What is the value of -22 - (-66 + -2 + -160 + 160)?
46
Evaluate 9 + -63 + -25 - ((32 - 11) + -7).
-93
What is the value of (-7 - 8) + -5 + 10 - (8 - 45 - 82)?
109
Evaluate (-2 - -7) + -8 + (22 - 4 - 5).
10
-48 - -38 - (50 + -6 + 5 + 16)
-75
Calculate (39 - -53 - 41) + -18.
33
-7 - -1 - (14674 + -14672)
-8
(26 - -2) + -16 + (20 - (7 +